{"id":189,"date":"2026-03-12T18:44:22","date_gmt":"2026-03-12T18:44:22","guid":{"rendered":"https:\/\/nganhandmade.io.vn\/?post_type=product&#038;p=189"},"modified":"2026-03-19T22:34:34","modified_gmt":"2026-03-19T22:34:34","slug":"sweet-pink-set-set-hong-ngot-ngao","status":"publish","type":"product","link":"https:\/\/nganhandmade.io.vn\/?product=sweet-pink-set-set-hong-ngot-ngao","title":{"rendered":"Sweet Pink Set \u2013 Set H\u1ed3ng Ng\u1ecdt Ng\u00e0o"},"content":{"rendered":"<p data-start=\"141\" data-end=\"386\"><strong data-start=\"141\" data-end=\"164\"><span class=\"BZ_Pyq_fadeIn\">Sweet <\/span><span class=\"BZ_Pyq_fadeIn\">Pink <\/span><span class=\"BZ_Pyq_fadeIn\">Gift <\/span><span class=\"BZ_Pyq_fadeIn\">Box<\/span><\/strong> <span class=\"BZ_Pyq_fadeIn\">l\u00e0 <\/span><span class=\"BZ_Pyq_fadeIn\">set <\/span><span class=\"BZ_Pyq_fadeIn\">qu\u00e0 <\/span><span class=\"BZ_Pyq_fadeIn\">nh\u1ecf <\/span><span class=\"BZ_Pyq_fadeIn\">xinh <\/span><span class=\"BZ_Pyq_fadeIn\">v\u1edbi <\/span><span class=\"BZ_Pyq_fadeIn\">tone <\/span><span class=\"BZ_Pyq_fadeIn\">h\u1ed3ng <\/span><span class=\"BZ_Pyq_fadeIn\">d\u1ecbu <\/span><span class=\"BZ_Pyq_fadeIn\">d\u00e0ng, <\/span><span class=\"BZ_Pyq_fadeIn\">\u0111\u01b0\u1ee3c <\/span><span class=\"BZ_Pyq_fadeIn\">thi\u1ebft <\/span><span class=\"BZ_Pyq_fadeIn\">k\u1ebf <\/span><span class=\"BZ_Pyq_fadeIn\">d\u00e0nh <\/span><span class=\"BZ_Pyq_fadeIn\">cho <\/span><span class=\"BZ_Pyq_fadeIn\">nh\u1eefng <\/span><span class=\"BZ_Pyq_fadeIn\">b\u1ea1n <\/span><span class=\"BZ_Pyq_fadeIn\">y\u00eau <\/span><span class=\"BZ_Pyq_fadeIn\">th\u00edch <\/span><span class=\"BZ_Pyq_fadeIn\">phong <\/span><span class=\"BZ_Pyq_fadeIn\">c\u00e1ch <\/span><span class=\"BZ_Pyq_fadeIn\">nh\u1eb9 <\/span><span class=\"BZ_Pyq_fadeIn\">nh\u00e0ng <\/span><span class=\"BZ_Pyq_fadeIn\">v\u00e0 <\/span><span class=\"BZ_Pyq_fadeIn\">\u0111\u00e1ng <\/span><span class=\"BZ_Pyq_fadeIn\">y\u00eau. <\/span><span class=\"BZ_Pyq_fadeIn\">M\u1ed7i <\/span><span class=\"BZ_Pyq_fadeIn\">m\u00f3n <\/span><span class=\"BZ_Pyq_fadeIn\">ph\u1ee5 <\/span><span class=\"BZ_Pyq_fadeIn\">ki\u1ec7n <\/span><span class=\"BZ_Pyq_fadeIn\">trong <\/span><span class=\"BZ_Pyq_fadeIn\">h\u1ed9p <\/span><span class=\"BZ_Pyq_fadeIn\">\u0111\u1ec1u <\/span><span class=\"BZ_Pyq_fadeIn\">\u0111\u01b0\u1ee3c <\/span><span class=\"BZ_Pyq_fadeIn\">l\u1ef1a <\/span><span class=\"BZ_Pyq_fadeIn\">ch\u1ecdn <\/span><span class=\"BZ_Pyq_fadeIn\">c\u1ea9n <\/span><span class=\"BZ_Pyq_fadeIn\">th\u1eadn, <\/span><span class=\"BZ_Pyq_fadeIn\">t\u1ea1o <\/span><span class=\"BZ_Pyq_fadeIn\">n\u00ean <\/span><span class=\"BZ_Pyq_fadeIn\">m\u1ed9t <\/span><span class=\"BZ_Pyq_fadeIn\">set <\/span><span class=\"BZ_Pyq_fadeIn\">qu\u00e0 <\/span><span class=\"BZ_Pyq_fadeIn\">v\u1eeba <\/span><span class=\"BZ_Pyq_fadeIn\">xinh <\/span><span class=\"BZ_Pyq_fadeIn\">x\u1eafn <\/span><span class=\"BZ_Pyq_fadeIn\">v\u1eeba <\/span><span class=\"BZ_Pyq_fadeIn\">\u00fd <\/span><span class=\"BZ_Pyq_fadeIn\">ngh\u0129a.<\/span><\/p>\n<p data-start=\"388\" data-end=\"517\"><span class=\"BZ_Pyq_fadeIn\">S\u1ea3n <\/span><span class=\"BZ_Pyq_fadeIn\">ph\u1ea9m <\/span><span class=\"BZ_Pyq_fadeIn\">ph\u00f9 <\/span><span class=\"BZ_Pyq_fadeIn\">h\u1ee3p <\/span><span class=\"BZ_Pyq_fadeIn\">\u0111\u1ec3 <\/span><span class=\"BZ_Pyq_fadeIn\">l\u00e0m <\/span><strong data-start=\"412\" data-end=\"516\"><span class=\"BZ_Pyq_fadeIn\">qu\u00e0 <\/span><span class=\"BZ_Pyq_fadeIn\">t\u1eb7ng <\/span><span class=\"BZ_Pyq_fadeIn\">sinh <\/span><span class=\"BZ_Pyq_fadeIn\">nh\u1eadt, <\/span><span class=\"BZ_Pyq_fadeIn\">qu\u00e0 <\/span><span class=\"BZ_Pyq_fadeIn\">t\u1eb7ng <\/span><span class=\"BZ_Pyq_fadeIn\">b\u1ea1n <\/span><span class=\"BZ_Pyq_fadeIn\">b\u00e8, <\/span><span class=\"BZ_Pyq_fadeIn\">qu\u00e0 8\/3, 20\/10 <\/span><span class=\"BZ_Pyq_fadeIn\">ho\u1eb7c <\/span><span class=\"BZ_Pyq_fadeIn\">\u0111\u01a1n <\/span><span class=\"BZ_Pyq_fadeIn\">gi\u1ea3n <\/span><span class=\"BZ_Pyq_fadeIn\">l\u00e0 <\/span><span class=\"BZ_Pyq_fadeIn\">m\u00f3n <\/span><span class=\"BZ_Pyq_fadeIn\">qu\u00e0 <\/span><span class=\"BZ_Pyq_fadeIn\">nh\u1ecf <\/span><span class=\"BZ_Pyq_fadeIn\">d\u00e0nh <\/span><span class=\"BZ_Pyq_fadeIn\">cho <\/span><span class=\"BZ_Pyq_fadeIn\">ch\u00ednh <\/span><span class=\"BZ_Pyq_fadeIn\">m\u00ecnh<\/span><\/strong><span class=\"BZ_Pyq_fadeIn\">.<\/span><\/p>\n<h3 data-section-id=\"8si0hb\" data-start=\"519\" data-end=\"543\"><span class=\"BZ_Pyq_fadeIn\">Th\u00e0nh <\/span><span class=\"BZ_Pyq_fadeIn\">ph\u1ea7n <\/span><span class=\"BZ_Pyq_fadeIn\">trong <\/span><span class=\"BZ_Pyq_fadeIn\">set<\/span><\/h3>\n<p data-start=\"544\" data-end=\"591\"><span class=\"BZ_Pyq_fadeIn\">Set <\/span><span class=\"BZ_Pyq_fadeIn\">qu\u00e0 <\/span><span class=\"BZ_Pyq_fadeIn\">bao <\/span><span class=\"BZ_Pyq_fadeIn\">g\u1ed3m <\/span><span class=\"BZ_Pyq_fadeIn\">c\u00e1c <\/span><span class=\"BZ_Pyq_fadeIn\">m\u00f3n <\/span><span class=\"BZ_Pyq_fadeIn\">ph\u1ee5 <\/span><span class=\"BZ_Pyq_fadeIn\">ki\u1ec7n <\/span><span class=\"BZ_Pyq_fadeIn\">d\u1ec5 <\/span><span class=\"BZ_Pyq_fadeIn\">th\u01b0\u01a1ng <\/span><span class=\"BZ_Pyq_fadeIn\">nh\u01b0:<\/span><\/p>\n<ul data-start=\"592\" data-end=\"782\">\n<li data-section-id=\"fc4fjx\" data-start=\"592\" data-end=\"627\">\n<p data-start=\"594\" data-end=\"627\"><span class=\"BZ_Pyq_fadeIn\">K\u1eb9p <\/span><span class=\"BZ_Pyq_fadeIn\">t\u00f3c \/ <\/span><span class=\"BZ_Pyq_fadeIn\">ph\u1ee5 <\/span><span class=\"BZ_Pyq_fadeIn\">ki\u1ec7n <\/span><span class=\"BZ_Pyq_fadeIn\">t\u00f3c <\/span><span class=\"BZ_Pyq_fadeIn\">xinh <\/span><span class=\"BZ_Pyq_fadeIn\">x\u1eafn<\/span><\/p>\n<\/li>\n<li data-section-id=\"1f3v6j\" data-start=\"628\" data-end=\"658\">\n<p data-start=\"630\" data-end=\"658\"><span class=\"BZ_Pyq_fadeIn\">Scrunchie <\/span><span class=\"BZ_Pyq_fadeIn\">bu\u1ed9c <\/span><span class=\"BZ_Pyq_fadeIn\">t\u00f3c <\/span><span class=\"BZ_Pyq_fadeIn\">m\u1ec1m <\/span><span class=\"BZ_Pyq_fadeIn\">m\u1ea1i<\/span><\/p>\n<\/li>\n<li data-section-id=\"wn17wi\" data-start=\"659\" data-end=\"710\">\n<p data-start=\"661\" data-end=\"710\"><span class=\"BZ_Pyq_fadeIn\">Ph\u1ee5 <\/span><span class=\"BZ_Pyq_fadeIn\">ki\u1ec7n <\/span><span class=\"BZ_Pyq_fadeIn\">nh\u1ecf <\/span><span class=\"BZ_Pyq_fadeIn\">xinh (<\/span><span class=\"BZ_Pyq_fadeIn\">trang <\/span><span class=\"BZ_Pyq_fadeIn\">s\u1ee9c <\/span><span class=\"BZ_Pyq_fadeIn\">ho\u1eb7c <\/span><span class=\"BZ_Pyq_fadeIn\">\u0111\u1ed3 <\/span><span class=\"BZ_Pyq_fadeIn\">trang <\/span><span class=\"BZ_Pyq_fadeIn\">tr\u00ed)<\/span><\/p>\n<\/li>\n<li data-section-id=\"1gs2iyn\" data-start=\"711\" data-end=\"749\">\n<p data-start=\"713\" data-end=\"749\"><span class=\"BZ_Pyq_fadeIn\">V\u1edb \/ <\/span><span class=\"BZ_Pyq_fadeIn\">ph\u1ee5 <\/span><span class=\"BZ_Pyq_fadeIn\">ki\u1ec7n <\/span><span class=\"BZ_Pyq_fadeIn\">th\u1eddi <\/span><span class=\"BZ_Pyq_fadeIn\">trang <\/span><span class=\"BZ_Pyq_fadeIn\">d\u1ec5 <\/span><span class=\"BZ_Pyq_fadeIn\">th\u01b0\u01a1ng<\/span><\/p>\n<\/li>\n<li data-section-id=\"1ezn64n\" data-start=\"750\" data-end=\"782\">\n<p data-start=\"752\" data-end=\"782\"><span class=\"BZ_Pyq_fadeIn\">H\u1ed9p <\/span><span class=\"BZ_Pyq_fadeIn\">qu\u00e0 <\/span><span class=\"BZ_Pyq_fadeIn\">\u0111\u01b0\u1ee3c <\/span><span class=\"BZ_Pyq_fadeIn\">trang <\/span><span class=\"BZ_Pyq_fadeIn\">tr\u00ed <\/span><span class=\"BZ_Pyq_fadeIn\">\u0111\u1eb9p <\/span><span class=\"BZ_Pyq_fadeIn\">m\u1eaft<\/span><\/p>\n<\/li>\n<\/ul>\n<h3 data-section-id=\"1hcxdco\" data-start=\"784\" data-end=\"800\"><span class=\"BZ_Pyq_fadeIn\">\u0110i\u1ec3m <\/span><span class=\"BZ_Pyq_fadeIn\">n\u1ed5i <\/span><span class=\"BZ_Pyq_fadeIn\">b\u1eadt<\/span><\/h3>\n<ul data-start=\"801\" data-end=\"1014\">\n<li data-section-id=\"1xj2gif\" data-start=\"801\" data-end=\"844\">\n<p data-start=\"803\" data-end=\"844\"><span class=\"BZ_Pyq_fadeIn\">Tone <\/span><strong data-start=\"808\" data-end=\"842\"><span class=\"BZ_Pyq_fadeIn\">h\u1ed3ng <\/span><span class=\"BZ_Pyq_fadeIn\">pastel <\/span><span class=\"BZ_Pyq_fadeIn\">nh\u1eb9 <\/span><span class=\"BZ_Pyq_fadeIn\">nh\u00e0ng, <\/span><span class=\"BZ_Pyq_fadeIn\">n\u1eef <\/span><span class=\"BZ_Pyq_fadeIn\">t\u00ednh<\/span><\/strong><\/p>\n<\/li>\n<li data-section-id=\"b9i719\" data-start=\"845\" data-end=\"897\">\n<p data-start=\"847\" data-end=\"897\"><span class=\"BZ_Pyq_fadeIn\">Thi\u1ebft <\/span><span class=\"BZ_Pyq_fadeIn\">k\u1ebf <\/span><strong data-start=\"856\" data-end=\"895\"><span class=\"BZ_Pyq_fadeIn\">d\u1ec5 <\/span><span class=\"BZ_Pyq_fadeIn\">th\u01b0\u01a1ng, <\/span><span class=\"BZ_Pyq_fadeIn\">ph\u00f9 <\/span><span class=\"BZ_Pyq_fadeIn\">h\u1ee3p <\/span><span class=\"BZ_Pyq_fadeIn\">nhi\u1ec1u <\/span><span class=\"BZ_Pyq_fadeIn\">phong <\/span><span class=\"BZ_Pyq_fadeIn\">c\u00e1ch<\/span><\/strong><\/p>\n<\/li>\n<li data-section-id=\"1h0zd6y\" data-start=\"898\" data-end=\"947\">\n<p data-start=\"900\" data-end=\"947\"><span class=\"BZ_Pyq_fadeIn\">H\u1ed9p <\/span><span class=\"BZ_Pyq_fadeIn\">qu\u00e0 <\/span><span class=\"BZ_Pyq_fadeIn\">\u0111\u01b0\u1ee3c <\/span><span class=\"BZ_Pyq_fadeIn\">\u0111\u00f3ng <\/span><span class=\"BZ_Pyq_fadeIn\">g\u00f3i <\/span><strong data-start=\"922\" data-end=\"945\"><span class=\"BZ_Pyq_fadeIn\">g\u1ecdn <\/span><span class=\"BZ_Pyq_fadeIn\">g\u00e0ng <\/span><span class=\"BZ_Pyq_fadeIn\">v\u00e0 <\/span><span class=\"BZ_Pyq_fadeIn\">th\u1ea9m <\/span><span class=\"BZ_Pyq_fadeIn\">m\u1ef9<\/span><\/strong><\/p>\n<\/li>\n<li data-section-id=\"10l5xof\" data-start=\"948\" data-end=\"1014\">\n<p data-start=\"950\" data-end=\"1014\"><span class=\"BZ_Pyq_fadeIn\">Th\u00edch <\/span><span class=\"BZ_Pyq_fadeIn\">h\u1ee3p <\/span><span class=\"BZ_Pyq_fadeIn\">l\u00e0m <\/span><strong data-start=\"964\" data-end=\"1014\"><span class=\"BZ_Pyq_fadeIn\">qu\u00e0 <\/span><span class=\"BZ_Pyq_fadeIn\">t\u1eb7ng <\/span><span class=\"BZ_Pyq_fadeIn\">cho <\/span><span class=\"BZ_Pyq_fadeIn\">b\u1ea1n <\/span><span class=\"BZ_Pyq_fadeIn\">g\u00e1i, <\/span><span class=\"BZ_Pyq_fadeIn\">b\u1ea1n <\/span><span class=\"BZ_Pyq_fadeIn\">th\u00e2n <\/span><span class=\"BZ_Pyq_fadeIn\">ho\u1eb7c <\/span><span class=\"BZ_Pyq_fadeIn\">ng\u01b0\u1eddi <\/span><span class=\"BZ_Pyq_fadeIn\">th\u00e2n<\/span><\/strong><\/p>\n<\/li>\n<\/ul>\n<h3 data-section-id=\"14ol06w\" data-start=\"1016\" data-end=\"1031\"><span class=\"BZ_Pyq_fadeIn\">Ph\u00f9 <\/span><span class=\"BZ_Pyq_fadeIn\">h\u1ee3p <\/span><span class=\"BZ_Pyq_fadeIn\">cho<\/span><\/h3>\n<ul data-start=\"1032\" data-end=\"1140\">\n<li data-section-id=\"1298z67\" data-start=\"1032\" data-end=\"1049\">\n<p data-start=\"1034\" data-end=\"1049\"><span class=\"BZ_Pyq_fadeIn\">Qu\u00e0 <\/span><span class=\"BZ_Pyq_fadeIn\">sinh <\/span><span class=\"BZ_Pyq_fadeIn\">nh\u1eadt<\/span><\/p>\n<\/li>\n<li data-section-id=\"jxyvmj\" data-start=\"1050\" data-end=\"1071\">\n<p data-start=\"1052\" data-end=\"1071\"><span class=\"BZ_Pyq_fadeIn\">Qu\u00e0 <\/span><span class=\"BZ_Pyq_fadeIn\">t\u1eb7ng <\/span><span class=\"BZ_Pyq_fadeIn\">b\u1ea1n <\/span><span class=\"BZ_Pyq_fadeIn\">th\u00e2n<\/span><\/p>\n<\/li>\n<li data-section-id=\"i80gld\" data-start=\"1072\" data-end=\"1093\">\n<p data-start=\"1074\" data-end=\"1093\"><span class=\"BZ_Pyq_fadeIn\">Qu\u00e0 <\/span><span class=\"BZ_Pyq_fadeIn\">l\u1ec5 8\/3, 20\/10<\/span><\/p>\n<\/li>\n<li data-section-id=\"8vfpbt\" data-start=\"1094\" data-end=\"1140\">\n<p data-start=\"1096\" data-end=\"1140\"><span class=\"BZ_Pyq_fadeIn\">Qu\u00e0 <\/span><span class=\"BZ_Pyq_fadeIn\">b\u1ea5t <\/span><span class=\"BZ_Pyq_fadeIn\">ng\u1edd <\/span><span class=\"BZ_Pyq_fadeIn\">cho <\/span><span class=\"BZ_Pyq_fadeIn\">ng\u01b0\u1eddi <\/span><span class=\"BZ_Pyq_fadeIn\">y\u00eau <\/span><span class=\"BZ_Pyq_fadeIn\">th\u00edch <\/span><span class=\"BZ_Pyq_fadeIn\">\u0111\u1ed3 <\/span><span class=\"BZ_Pyq_fadeIn\">d\u1ec5 <\/span><span class=\"BZ_Pyq_fadeIn\">th\u01b0\u01a1ng<\/span><\/p>\n<\/li>\n<\/ul>\n<p data-start=\"1142\" data-end=\"1249\"><span class=\"BZ_Pyq_fadeIn\">\u2728 <\/span><span class=\"BZ_Pyq_fadeIn\">M\u1ed9t <\/span><span class=\"BZ_Pyq_fadeIn\">h\u1ed9p <\/span><span class=\"BZ_Pyq_fadeIn\">qu\u00e0 <\/span><span class=\"BZ_Pyq_fadeIn\">nh\u1ecf <\/span><span class=\"BZ_Pyq_fadeIn\">nh\u01b0ng <\/span><span class=\"BZ_Pyq_fadeIn\">ch\u1ee9a <\/span><span class=\"BZ_Pyq_fadeIn\">\u0111\u1ef1ng <\/span><span class=\"BZ_Pyq_fadeIn\">nhi\u1ec1u <\/span><span class=\"BZ_Pyq_fadeIn\">\u0111i\u1ec1u <\/span><span class=\"BZ_Pyq_fadeIn\">\u0111\u00e1ng <\/span><span class=\"BZ_Pyq_fadeIn\">y\u00eau, <\/span><span class=\"BZ_Pyq_fadeIn\">gi\u00fap <\/span><span class=\"BZ_Pyq_fadeIn\">mang <\/span><span class=\"BZ_Pyq_fadeIn\">l\u1ea1i <\/span><span class=\"BZ_Pyq_fadeIn\">ni\u1ec1m <\/span><span class=\"BZ_Pyq_fadeIn\">vui <\/span><span class=\"BZ_Pyq_fadeIn\">v\u00e0 <\/span><span class=\"BZ_Pyq_fadeIn\">s\u1ef1 <\/span><span class=\"BZ_Pyq_fadeIn\">b\u1ea5t <\/span><span class=\"BZ_Pyq_fadeIn\">ng\u1edd <\/span><span class=\"BZ_Pyq_fadeIn\">cho <\/span><span class=\"BZ_Pyq_fadeIn\">ng\u01b0\u1eddi <\/span><span class=\"BZ_Pyq_fadeIn\">nh\u1eadn.<\/span><\/p>\n","protected":false},"excerpt":{"rendered":"<p data-start=\"57\" data-end=\"352\"><strong data-start=\"57\" data-end=\"80\"><span class=\"BZ_Pyq_fadeIn\">Sweet <\/span><span class=\"BZ_Pyq_fadeIn\">Pink <\/span><span class=\"BZ_Pyq_fadeIn\">Gift <\/span><span class=\"BZ_Pyq_fadeIn\">Box<\/span><\/strong> <span class=\"BZ_Pyq_fadeIn\">l\u00e0 <\/span><span class=\"BZ_Pyq_fadeIn\">set <\/span><span class=\"BZ_Pyq_fadeIn\">qu\u00e0 <\/span><span class=\"BZ_Pyq_fadeIn\">nh\u1ecf <\/span><span class=\"BZ_Pyq_fadeIn\">xinh <\/span><span class=\"BZ_Pyq_fadeIn\">v\u1edbi <\/span><span class=\"BZ_Pyq_fadeIn\">tone <\/span><span class=\"BZ_Pyq_fadeIn\">h\u1ed3ng <\/span><span class=\"BZ_Pyq_fadeIn\">d\u1ecbu <\/span><span class=\"BZ_Pyq_fadeIn\">d\u00e0ng, <\/span><span class=\"BZ_Pyq_fadeIn\">g\u1ed3m <\/span><span class=\"BZ_Pyq_fadeIn\">c\u00e1c <\/span><span class=\"BZ_Pyq_fadeIn\">ph\u1ee5 <\/span><span class=\"BZ_Pyq_fadeIn\">ki\u1ec7n <\/span><span class=\"BZ_Pyq_fadeIn\">d\u1ec5 <\/span><span class=\"BZ_Pyq_fadeIn\">th\u01b0\u01a1ng <\/span><span class=\"BZ_Pyq_fadeIn\">nh\u01b0 <\/span><span class=\"BZ_Pyq_fadeIn\">k\u1eb9p <\/span><span class=\"BZ_Pyq_fadeIn\">t\u00f3c, <\/span><span class=\"BZ_Pyq_fadeIn\">scrunchie <\/span><span class=\"BZ_Pyq_fadeIn\">v\u00e0 <\/span><span class=\"BZ_Pyq_fadeIn\">ph\u1ee5 <\/span><span class=\"BZ_Pyq_fadeIn\">ki\u1ec7n <\/span><span class=\"BZ_Pyq_fadeIn\">th\u1eddi <\/span><span class=\"BZ_Pyq_fadeIn\">trang. <\/span><span class=\"BZ_Pyq_fadeIn\">H\u1ed9p <\/span><span class=\"BZ_Pyq_fadeIn\">qu\u00e0 <\/span><span class=\"BZ_Pyq_fadeIn\">\u0111\u01b0\u1ee3c <\/span><span class=\"BZ_Pyq_fadeIn\">thi\u1ebft <\/span><span class=\"BZ_Pyq_fadeIn\">k\u1ebf <\/span><span class=\"BZ_Pyq_fadeIn\">tinh <\/span><span class=\"BZ_Pyq_fadeIn\">t\u1ebf, <\/span><span class=\"BZ_Pyq_fadeIn\">ph\u00f9 <\/span><span class=\"BZ_Pyq_fadeIn\">h\u1ee3p <\/span><span class=\"BZ_Pyq_fadeIn\">l\u00e0m <\/span><span class=\"BZ_Pyq_fadeIn\">qu\u00e0 <\/span><span class=\"BZ_Pyq_fadeIn\">t\u1eb7ng <\/span><span class=\"BZ_Pyq_fadeIn\">sinh <\/span><span class=\"BZ_Pyq_fadeIn\">nh\u1eadt, <\/span><span class=\"BZ_Pyq_fadeIn\">qu\u00e0 <\/span><span class=\"BZ_Pyq_fadeIn\">cho <\/span><span class=\"BZ_Pyq_fadeIn\">b\u1ea1n <\/span><span class=\"BZ_Pyq_fadeIn\">b\u00e8 <\/span><span class=\"BZ_Pyq_fadeIn\">ho\u1eb7c <\/span><span class=\"BZ_Pyq_fadeIn\">ng\u01b0\u1eddi <\/span><span class=\"BZ_Pyq_fadeIn\">th\u00e2n. <\/span><span class=\"BZ_Pyq_fadeIn\">M\u1ed9t <\/span><span class=\"BZ_Pyq_fadeIn\">m\u00f3n <\/span><span class=\"BZ_Pyq_fadeIn\">qu\u00e0 <\/span><span class=\"BZ_Pyq_fadeIn\">\u0111\u00e1ng <\/span><span class=\"BZ_Pyq_fadeIn\">y\u00eau <\/span><span class=\"BZ_Pyq_fadeIn\">mang <\/span><span class=\"BZ_Pyq_fadeIn\">l\u1ea1i <\/span><span class=\"BZ_Pyq_fadeIn\">ni\u1ec1m <\/span><span class=\"BZ_Pyq_fadeIn\">vui <\/span><span class=\"BZ_Pyq_fadeIn\">cho <\/span><span class=\"BZ_Pyq_fadeIn\">ng\u01b0\u1eddi <\/span><span class=\"BZ_Pyq_fadeIn\">nh\u1eadn. \ud83c\udf80\u2728<\/span><\/p>\n","protected":false},"featured_media":190,"comment_status":"open","ping_status":"closed","template":"","meta":[],"product_brand":[],"product_cat":[22],"product_tag":[],"class_list":{"0":"post-189","1":"product","2":"type-product","3":"status-publish","4":"has-post-thumbnail","6":"product_cat-comboset-xinh-xan","8":"first","9":"instock","10":"sale","11":"shipping-taxable","12":"purchasable","13":"product-type-variable"},"yoast_head":"<!-- This site is optimized with the Yoast SEO plugin v27.3 - https:\/\/yoast.com\/product\/yoast-seo-wordpress\/ -->\n<title>Sweet Pink Set \u2013 Set H\u1ed3ng Ng\u1ecdt Ng\u00e0o -<\/title>\n<meta name=\"robots\" content=\"index, follow, max-snippet:-1, max-image-preview:large, max-video-preview:-1\" \/>\n<link rel=\"canonical\" href=\"https:\/\/nganhandmade.io.vn\/?product=sweet-pink-set-set-hong-ngot-ngao\" \/>\n<meta property=\"og:locale\" content=\"vi_VN\" \/>\n<meta property=\"og:type\" content=\"article\" \/>\n<meta property=\"og:title\" content=\"Sweet Pink Set \u2013 Set H\u1ed3ng Ng\u1ecdt Ng\u00e0o -\" \/>\n<meta property=\"og:description\" content=\"Sweet Pink Gift Box l\u00e0 set qu\u00e0 nh\u1ecf xinh v\u1edbi tone h\u1ed3ng d\u1ecbu d\u00e0ng, g\u1ed3m c\u00e1c ph\u1ee5 ki\u1ec7n d\u1ec5 th\u01b0\u01a1ng nh\u01b0 k\u1eb9p t\u00f3c, scrunchie v\u00e0 ph\u1ee5 ki\u1ec7n th\u1eddi trang. H\u1ed9p qu\u00e0 \u0111\u01b0\u1ee3c thi\u1ebft k\u1ebf tinh t\u1ebf, ph\u00f9 h\u1ee3p l\u00e0m qu\u00e0 t\u1eb7ng sinh nh\u1eadt, qu\u00e0 cho b\u1ea1n b\u00e8 ho\u1eb7c ng\u01b0\u1eddi th\u00e2n. M\u1ed9t m\u00f3n qu\u00e0 \u0111\u00e1ng y\u00eau mang l\u1ea1i ni\u1ec1m vui cho ng\u01b0\u1eddi nh\u1eadn. \ud83c\udf80\u2728\" \/>\n<meta property=\"og:url\" content=\"https:\/\/nganhandmade.io.vn\/?product=sweet-pink-set-set-hong-ngot-ngao\" \/>\n<meta property=\"article:modified_time\" content=\"2026-03-19T22:34:34+00:00\" \/>\n<meta property=\"og:image\" content=\"https:\/\/nganhandmade.io.vn\/wp-content\/uploads\/2026\/03\/f445a6a56e56b9e56cc146b444f6f9df.jpg\" \/>\n\t<meta property=\"og:image:width\" content=\"736\" \/>\n\t<meta property=\"og:image:height\" content=\"736\" \/>\n\t<meta property=\"og:image:type\" content=\"image\/jpeg\" \/>\n<meta name=\"twitter:card\" content=\"summary_large_image\" \/>\n<meta name=\"twitter:label1\" content=\"\u01af\u1edbc t\u00ednh th\u1eddi gian \u0111\u1ecdc\" \/>\n\t<meta name=\"twitter:data1\" content=\"2 ph\u00fat\" \/>\n<script type=\"application\/ld+json\" class=\"yoast-schema-graph\">{\"@context\":\"https:\\\/\\\/schema.org\",\"@graph\":[{\"@type\":\"WebPage\",\"@id\":\"https:\\\/\\\/nganhandmade.io.vn\\\/?product=sweet-pink-set-set-hong-ngot-ngao\",\"url\":\"https:\\\/\\\/nganhandmade.io.vn\\\/?product=sweet-pink-set-set-hong-ngot-ngao\",\"name\":\"Sweet Pink Set \u2013 Set H\u1ed3ng Ng\u1ecdt Ng\u00e0o -\",\"isPartOf\":{\"@id\":\"https:\\\/\\\/nganhandmade.io.vn\\\/#website\"},\"primaryImageOfPage\":{\"@id\":\"https:\\\/\\\/nganhandmade.io.vn\\\/?product=sweet-pink-set-set-hong-ngot-ngao#primaryimage\"},\"image\":{\"@id\":\"https:\\\/\\\/nganhandmade.io.vn\\\/?product=sweet-pink-set-set-hong-ngot-ngao#primaryimage\"},\"thumbnailUrl\":\"https:\\\/\\\/nganhandmade.io.vn\\\/wp-content\\\/uploads\\\/2026\\\/03\\\/f445a6a56e56b9e56cc146b444f6f9df.jpg\",\"datePublished\":\"2026-03-12T18:44:22+00:00\",\"dateModified\":\"2026-03-19T22:34:34+00:00\",\"breadcrumb\":{\"@id\":\"https:\\\/\\\/nganhandmade.io.vn\\\/?product=sweet-pink-set-set-hong-ngot-ngao#breadcrumb\"},\"inLanguage\":\"vi\",\"potentialAction\":[{\"@type\":\"ReadAction\",\"target\":[\"https:\\\/\\\/nganhandmade.io.vn\\\/?product=sweet-pink-set-set-hong-ngot-ngao\"]}]},{\"@type\":\"ImageObject\",\"inLanguage\":\"vi\",\"@id\":\"https:\\\/\\\/nganhandmade.io.vn\\\/?product=sweet-pink-set-set-hong-ngot-ngao#primaryimage\",\"url\":\"https:\\\/\\\/nganhandmade.io.vn\\\/wp-content\\\/uploads\\\/2026\\\/03\\\/f445a6a56e56b9e56cc146b444f6f9df.jpg\",\"contentUrl\":\"https:\\\/\\\/nganhandmade.io.vn\\\/wp-content\\\/uploads\\\/2026\\\/03\\\/f445a6a56e56b9e56cc146b444f6f9df.jpg\",\"width\":736,\"height\":736},{\"@type\":\"BreadcrumbList\",\"@id\":\"https:\\\/\\\/nganhandmade.io.vn\\\/?product=sweet-pink-set-set-hong-ngot-ngao#breadcrumb\",\"itemListElement\":[{\"@type\":\"ListItem\",\"position\":1,\"name\":\"Trang ch\u1ee7\",\"item\":\"https:\\\/\\\/nganhandmade.io.vn\\\/\"},{\"@type\":\"ListItem\",\"position\":2,\"name\":\"Shop\",\"item\":\"https:\\\/\\\/nganhandmade.io.vn\\\/?page_id=93\"},{\"@type\":\"ListItem\",\"position\":3,\"name\":\"Sweet Pink Set \u2013 Set H\u1ed3ng Ng\u1ecdt Ng\u00e0o\"}]},{\"@type\":\"WebSite\",\"@id\":\"https:\\\/\\\/nganhandmade.io.vn\\\/#website\",\"url\":\"https:\\\/\\\/nganhandmade.io.vn\\\/\",\"name\":\"\",\"description\":\"\",\"potentialAction\":[{\"@type\":\"SearchAction\",\"target\":{\"@type\":\"EntryPoint\",\"urlTemplate\":\"https:\\\/\\\/nganhandmade.io.vn\\\/?s={search_term_string}\"},\"query-input\":{\"@type\":\"PropertyValueSpecification\",\"valueRequired\":true,\"valueName\":\"search_term_string\"}}],\"inLanguage\":\"vi\"}]}<\/script>\n<!-- \/ Yoast SEO plugin. -->","yoast_head_json":{"title":"Sweet Pink Set \u2013 Set H\u1ed3ng Ng\u1ecdt Ng\u00e0o -","robots":{"index":"index","follow":"follow","max-snippet":"max-snippet:-1","max-image-preview":"max-image-preview:large","max-video-preview":"max-video-preview:-1"},"canonical":"https:\/\/nganhandmade.io.vn\/?product=sweet-pink-set-set-hong-ngot-ngao","og_locale":"vi_VN","og_type":"article","og_title":"Sweet Pink Set \u2013 Set H\u1ed3ng Ng\u1ecdt Ng\u00e0o -","og_description":"Sweet Pink Gift Box l\u00e0 set qu\u00e0 nh\u1ecf xinh v\u1edbi tone h\u1ed3ng d\u1ecbu d\u00e0ng, g\u1ed3m c\u00e1c ph\u1ee5 ki\u1ec7n d\u1ec5 th\u01b0\u01a1ng nh\u01b0 k\u1eb9p t\u00f3c, scrunchie v\u00e0 ph\u1ee5 ki\u1ec7n th\u1eddi trang. H\u1ed9p qu\u00e0 \u0111\u01b0\u1ee3c thi\u1ebft k\u1ebf tinh t\u1ebf, ph\u00f9 h\u1ee3p l\u00e0m qu\u00e0 t\u1eb7ng sinh nh\u1eadt, qu\u00e0 cho b\u1ea1n b\u00e8 ho\u1eb7c ng\u01b0\u1eddi th\u00e2n. M\u1ed9t m\u00f3n qu\u00e0 \u0111\u00e1ng y\u00eau mang l\u1ea1i ni\u1ec1m vui cho ng\u01b0\u1eddi nh\u1eadn. \ud83c\udf80\u2728","og_url":"https:\/\/nganhandmade.io.vn\/?product=sweet-pink-set-set-hong-ngot-ngao","article_modified_time":"2026-03-19T22:34:34+00:00","og_image":[{"width":736,"height":736,"url":"https:\/\/nganhandmade.io.vn\/wp-content\/uploads\/2026\/03\/f445a6a56e56b9e56cc146b444f6f9df.jpg","type":"image\/jpeg"}],"twitter_card":"summary_large_image","twitter_misc":{"\u01af\u1edbc t\u00ednh th\u1eddi gian \u0111\u1ecdc":"2 ph\u00fat"},"schema":{"@context":"https:\/\/schema.org","@graph":[{"@type":"WebPage","@id":"https:\/\/nganhandmade.io.vn\/?product=sweet-pink-set-set-hong-ngot-ngao","url":"https:\/\/nganhandmade.io.vn\/?product=sweet-pink-set-set-hong-ngot-ngao","name":"Sweet Pink Set \u2013 Set H\u1ed3ng Ng\u1ecdt Ng\u00e0o -","isPartOf":{"@id":"https:\/\/nganhandmade.io.vn\/#website"},"primaryImageOfPage":{"@id":"https:\/\/nganhandmade.io.vn\/?product=sweet-pink-set-set-hong-ngot-ngao#primaryimage"},"image":{"@id":"https:\/\/nganhandmade.io.vn\/?product=sweet-pink-set-set-hong-ngot-ngao#primaryimage"},"thumbnailUrl":"https:\/\/nganhandmade.io.vn\/wp-content\/uploads\/2026\/03\/f445a6a56e56b9e56cc146b444f6f9df.jpg","datePublished":"2026-03-12T18:44:22+00:00","dateModified":"2026-03-19T22:34:34+00:00","breadcrumb":{"@id":"https:\/\/nganhandmade.io.vn\/?product=sweet-pink-set-set-hong-ngot-ngao#breadcrumb"},"inLanguage":"vi","potentialAction":[{"@type":"ReadAction","target":["https:\/\/nganhandmade.io.vn\/?product=sweet-pink-set-set-hong-ngot-ngao"]}]},{"@type":"ImageObject","inLanguage":"vi","@id":"https:\/\/nganhandmade.io.vn\/?product=sweet-pink-set-set-hong-ngot-ngao#primaryimage","url":"https:\/\/nganhandmade.io.vn\/wp-content\/uploads\/2026\/03\/f445a6a56e56b9e56cc146b444f6f9df.jpg","contentUrl":"https:\/\/nganhandmade.io.vn\/wp-content\/uploads\/2026\/03\/f445a6a56e56b9e56cc146b444f6f9df.jpg","width":736,"height":736},{"@type":"BreadcrumbList","@id":"https:\/\/nganhandmade.io.vn\/?product=sweet-pink-set-set-hong-ngot-ngao#breadcrumb","itemListElement":[{"@type":"ListItem","position":1,"name":"Trang ch\u1ee7","item":"https:\/\/nganhandmade.io.vn\/"},{"@type":"ListItem","position":2,"name":"Shop","item":"https:\/\/nganhandmade.io.vn\/?page_id=93"},{"@type":"ListItem","position":3,"name":"Sweet Pink Set \u2013 Set H\u1ed3ng Ng\u1ecdt Ng\u00e0o"}]},{"@type":"WebSite","@id":"https:\/\/nganhandmade.io.vn\/#website","url":"https:\/\/nganhandmade.io.vn\/","name":"","description":"","potentialAction":[{"@type":"SearchAction","target":{"@type":"EntryPoint","urlTemplate":"https:\/\/nganhandmade.io.vn\/?s={search_term_string}"},"query-input":{"@type":"PropertyValueSpecification","valueRequired":true,"valueName":"search_term_string"}}],"inLanguage":"vi"}]}},"jetpack_sharing_enabled":true,"_links":{"self":[{"href":"https:\/\/nganhandmade.io.vn\/index.php?rest_route=\/wp\/v2\/product\/189","targetHints":{"allow":["GET"]}}],"collection":[{"href":"https:\/\/nganhandmade.io.vn\/index.php?rest_route=\/wp\/v2\/product"}],"about":[{"href":"https:\/\/nganhandmade.io.vn\/index.php?rest_route=\/wp\/v2\/types\/product"}],"replies":[{"embeddable":true,"href":"https:\/\/nganhandmade.io.vn\/index.php?rest_route=%2Fwp%2Fv2%2Fcomments&post=189"}],"wp:featuredmedia":[{"embeddable":true,"href":"https:\/\/nganhandmade.io.vn\/index.php?rest_route=\/wp\/v2\/media\/190"}],"wp:attachment":[{"href":"https:\/\/nganhandmade.io.vn\/index.php?rest_route=%2Fwp%2Fv2%2Fmedia&parent=189"}],"wp:term":[{"taxonomy":"product_brand","embeddable":true,"href":"https:\/\/nganhandmade.io.vn\/index.php?rest_route=%2Fwp%2Fv2%2Fproduct_brand&post=189"},{"taxonomy":"product_cat","embeddable":true,"href":"https:\/\/nganhandmade.io.vn\/index.php?rest_route=%2Fwp%2Fv2%2Fproduct_cat&post=189"},{"taxonomy":"product_tag","embeddable":true,"href":"https:\/\/nganhandmade.io.vn\/index.php?rest_route=%2Fwp%2Fv2%2Fproduct_tag&post=189"}],"curies":[{"name":"wp","href":"https:\/\/api.w.org\/{rel}","templated":true}]}}